{"id":2047,"date":"2021-07-12T08:52:35","date_gmt":"2021-07-12T11:52:35","guid":{"rendered":"https:\/\/qualitysteak.com.br\/loja\/?post_type=product&#038;p=2047"},"modified":"2021-08-17T16:17:04","modified_gmt":"2021-08-17T19:17:04","slug":"picanha-premium","status":"publish","type":"product","link":"https:\/\/qualitysteak.com.br\/loja\/produto\/picanha-premium\/","title":{"rendered":"Picanha Premium"},"content":{"rendered":"<p>Essa \u00e9 cl\u00e1ssica, a Rainha. A Picanha, um dos cartes mais conhecidos traz uma generosa camada de gordura, que cobre a pe\u00e7a, e um sabor irresist\u00edvel e maciez digna de uma rainha. O Ponto Quality \u00e9 o recomendado para se obter as caracter\u00edsticas em dobro.<\/p>\n","protected":false},"excerpt":{"rendered":"<p>Essa \u00e9 cl\u00e1ssica, a Rainha. A Picanha, um dos cartes mais conhecidos traz uma generosa camada de gordura, que cobre a pe\u00e7a, e um sabor irresist\u00edvel e maciez digna de uma rainha. O Ponto Quality \u00e9 o recomendado para se obter as caracter\u00edsticas em dobro.<\/p>\n","protected":false},"featured_media":2086,"comment_status":"open","ping_status":"closed","template":"","meta":[],"product_cat":[91],"product_tag":[],"yoast_head":"<!-- This site is optimized with the Yoast SEO plugin v18.4.1 - https:\/\/yoast.com\/wordpress\/plugins\/seo\/ -->\n<title>Picanha Premium - Quality Steak<\/title>\n<meta name=\"robots\" content=\"index, follow, max-snippet:-1, max-image-preview:large, max-video-preview:-1\" \/>\n<link rel=\"canonical\" href=\"https:\/\/qualitysteak.com.br\/loja\/produto\/picanha-premium\/\" \/>\n<meta property=\"og:locale\" content=\"pt_BR\" \/>\n<meta property=\"og:type\" content=\"article\" \/>\n<meta property=\"og:title\" content=\"Picanha Premium - Quality Steak\" \/>\n<meta property=\"og:description\" content=\"Essa \u00e9 cl\u00e1ssica, a Rainha. A Picanha, um dos cartes mais conhecidos traz uma generosa camada de gordura, que cobre a pe\u00e7a, e um sabor irresist\u00edvel e maciez digna de uma rainha. O Ponto Quality \u00e9 o recomendado para se obter as caracter\u00edsticas em dobro.\" \/>\n<meta property=\"og:url\" content=\"https:\/\/qualitysteak.com.br\/loja\/produto\/picanha-premium\/\" \/>\n<meta property=\"og:site_name\" content=\"Quality Steak\" \/>\n<meta property=\"article:modified_time\" content=\"2021-08-17T19:17:04+00:00\" \/>\n<meta property=\"og:image\" content=\"https:\/\/qualitysteak.com.br\/loja\/wp-content\/uploads\/2021\/07\/picanha-e1626107878420.jpeg\" \/>\n\t<meta property=\"og:image:width\" content=\"194\" \/>\n\t<meta property=\"og:image:height\" content=\"183\" \/>\n\t<meta property=\"og:image:type\" content=\"image\/jpeg\" \/>\n<meta name=\"twitter:card\" content=\"summary_large_image\" \/>\n<script type=\"application\/ld+json\" class=\"yoast-schema-graph\">{\"@context\":\"https:\/\/schema.org\",\"@graph\":[{\"@type\":\"WebSite\",\"@id\":\"https:\/\/qualitysteak.com.br\/loja\/#website\",\"url\":\"https:\/\/qualitysteak.com.br\/loja\/\",\"name\":\"Quality Steak\",\"description\":\"Quality Steak - A carne!\",\"potentialAction\":[{\"@type\":\"SearchAction\",\"target\":{\"@type\":\"EntryPoint\",\"urlTemplate\":\"https:\/\/qualitysteak.com.br\/loja\/?s={search_term_string}\"},\"query-input\":\"required name=search_term_string\"}],\"inLanguage\":\"pt-BR\"},{\"@type\":\"ImageObject\",\"@id\":\"https:\/\/qualitysteak.com.br\/loja\/produto\/picanha-premium\/#primaryimage\",\"inLanguage\":\"pt-BR\",\"url\":\"https:\/\/qualitysteak.com.br\/loja\/wp-content\/uploads\/2021\/07\/picanha-e1626107878420.jpeg\",\"contentUrl\":\"https:\/\/qualitysteak.com.br\/loja\/wp-content\/uploads\/2021\/07\/picanha-e1626107878420.jpeg\",\"width\":194,\"height\":183},{\"@type\":\"WebPage\",\"@id\":\"https:\/\/qualitysteak.com.br\/loja\/produto\/picanha-premium\/#webpage\",\"url\":\"https:\/\/qualitysteak.com.br\/loja\/produto\/picanha-premium\/\",\"name\":\"Picanha Premium - Quality Steak\",\"isPartOf\":{\"@id\":\"https:\/\/qualitysteak.com.br\/loja\/#website\"},\"primaryImageOfPage\":{\"@id\":\"https:\/\/qualitysteak.com.br\/loja\/produto\/picanha-premium\/#primaryimage\"},\"datePublished\":\"2021-07-12T11:52:35+00:00\",\"dateModified\":\"2021-08-17T19:17:04+00:00\",\"breadcrumb\":{\"@id\":\"https:\/\/qualitysteak.com.br\/loja\/produto\/picanha-premium\/#breadcrumb\"},\"inLanguage\":\"pt-BR\",\"potentialAction\":[{\"@type\":\"ReadAction\",\"target\":[\"https:\/\/qualitysteak.com.br\/loja\/produto\/picanha-premium\/\"]}]},{\"@type\":\"BreadcrumbList\",\"@id\":\"https:\/\/qualitysteak.com.br\/loja\/produto\/picanha-premium\/#breadcrumb\",\"itemListElement\":[{\"@type\":\"ListItem\",\"position\":1,\"name\":\"In\u00edcio\",\"item\":\"https:\/\/qualitysteak.com.br\/loja\/\"},{\"@type\":\"ListItem\",\"position\":2,\"name\":\"Loja\",\"item\":\"https:\/\/qualitysteak.com.br\/loja\/?page_id=14\"},{\"@type\":\"ListItem\",\"position\":3,\"name\":\"Picanha Premium\"}]}]}<\/script>\n<!-- \/ Yoast SEO plugin. -->","yoast_head_json":{"title":"Picanha Premium - Quality Steak","robots":{"index":"index","follow":"follow","max-snippet":"max-snippet:-1","max-image-preview":"max-image-preview:large","max-video-preview":"max-video-preview:-1"},"canonical":"https:\/\/qualitysteak.com.br\/loja\/produto\/picanha-premium\/","og_locale":"pt_BR","og_type":"article","og_title":"Picanha Premium - Quality Steak","og_description":"Essa \u00e9 cl\u00e1ssica, a Rainha. A Picanha, um dos cartes mais conhecidos traz uma generosa camada de gordura, que cobre a pe\u00e7a, e um sabor irresist\u00edvel e maciez digna de uma rainha. O Ponto Quality \u00e9 o recomendado para se obter as caracter\u00edsticas em dobro.","og_url":"https:\/\/qualitysteak.com.br\/loja\/produto\/picanha-premium\/","og_site_name":"Quality Steak","article_modified_time":"2021-08-17T19:17:04+00:00","og_image":[{"width":194,"height":183,"url":"https:\/\/qualitysteak.com.br\/loja\/wp-content\/uploads\/2021\/07\/picanha-e1626107878420.jpeg","type":"image\/jpeg"}],"twitter_card":"summary_large_image","schema":{"@context":"https:\/\/schema.org","@graph":[{"@type":"WebSite","@id":"https:\/\/qualitysteak.com.br\/loja\/#website","url":"https:\/\/qualitysteak.com.br\/loja\/","name":"Quality Steak","description":"Quality Steak - A carne!","potentialAction":[{"@type":"SearchAction","target":{"@type":"EntryPoint","urlTemplate":"https:\/\/qualitysteak.com.br\/loja\/?s={search_term_string}"},"query-input":"required name=search_term_string"}],"inLanguage":"pt-BR"},{"@type":"ImageObject","@id":"https:\/\/qualitysteak.com.br\/loja\/produto\/picanha-premium\/#primaryimage","inLanguage":"pt-BR","url":"https:\/\/qualitysteak.com.br\/loja\/wp-content\/uploads\/2021\/07\/picanha-e1626107878420.jpeg","contentUrl":"https:\/\/qualitysteak.com.br\/loja\/wp-content\/uploads\/2021\/07\/picanha-e1626107878420.jpeg","width":194,"height":183},{"@type":"WebPage","@id":"https:\/\/qualitysteak.com.br\/loja\/produto\/picanha-premium\/#webpage","url":"https:\/\/qualitysteak.com.br\/loja\/produto\/picanha-premium\/","name":"Picanha Premium - Quality Steak","isPartOf":{"@id":"https:\/\/qualitysteak.com.br\/loja\/#website"},"primaryImageOfPage":{"@id":"https:\/\/qualitysteak.com.br\/loja\/produto\/picanha-premium\/#primaryimage"},"datePublished":"2021-07-12T11:52:35+00:00","dateModified":"2021-08-17T19:17:04+00:00","breadcrumb":{"@id":"https:\/\/qualitysteak.com.br\/loja\/produto\/picanha-premium\/#breadcrumb"},"inLanguage":"pt-BR","potentialAction":[{"@type":"ReadAction","target":["https:\/\/qualitysteak.com.br\/loja\/produto\/picanha-premium\/"]}]},{"@type":"BreadcrumbList","@id":"https:\/\/qualitysteak.com.br\/loja\/produto\/picanha-premium\/#breadcrumb","itemListElement":[{"@type":"ListItem","position":1,"name":"In\u00edcio","item":"https:\/\/qualitysteak.com.br\/loja\/"},{"@type":"ListItem","position":2,"name":"Loja","item":"https:\/\/qualitysteak.com.br\/loja\/?page_id=14"},{"@type":"ListItem","position":3,"name":"Picanha Premium"}]}]}},"_links":{"self":[{"href":"https:\/\/qualitysteak.com.br\/loja\/wp-json\/wp\/v2\/product\/2047"}],"collection":[{"href":"https:\/\/qualitysteak.com.br\/loja\/wp-json\/wp\/v2\/product"}],"about":[{"href":"https:\/\/qualitysteak.com.br\/loja\/wp-json\/wp\/v2\/types\/product"}],"replies":[{"embeddable":true,"href":"https:\/\/qualitysteak.com.br\/loja\/wp-json\/wp\/v2\/comments?post=2047"}],"wp:featuredmedia":[{"embeddable":true,"href":"https:\/\/qualitysteak.com.br\/loja\/wp-json\/wp\/v2\/media\/2086"}],"wp:attachment":[{"href":"https:\/\/qualitysteak.com.br\/loja\/wp-json\/wp\/v2\/media?parent=2047"}],"wp:term":[{"taxonomy":"product_cat","embeddable":true,"href":"https:\/\/qualitysteak.com.br\/loja\/wp-json\/wp\/v2\/product_cat?post=2047"},{"taxonomy":"product_tag","embeddable":true,"href":"https:\/\/qualitysteak.com.br\/loja\/wp-json\/wp\/v2\/product_tag?post=2047"}],"curies":[{"name":"wp","href":"https:\/\/api.w.org\/{rel}","templated":true}]}}