{"id":2041,"date":"2021-07-12T08:47:33","date_gmt":"2021-07-12T11:47:33","guid":{"rendered":"https:\/\/qualitysteak.com.br\/loja\/?post_type=product&#038;p=2041"},"modified":"2022-04-11T16:22:05","modified_gmt":"2022-04-11T19:22:05","slug":"chorizo-premium","status":"publish","type":"product","link":"https:\/\/qualitysteak.com.br\/loja\/produto\/chorizo-premium\/","title":{"rendered":"Chorizo Premium"},"content":{"rendered":"<p>O Bife de Chorizo \u00e9 retirado da parte central do contrafil\u00e9, sendo assim mais macio que o Ancho. Possui uma camada lateral de gordura, fato que remete \u00e0 Picanha, e uma medida idela de marmoreio, gordura entremeada na carne. Com um sabor inconfundivel e muito macio \u00e9 recomendado a grelha, por\u00e9m outras op\u00e7\u00f5es, como a frigideira, s\u00e3o vi\u00e1veis tamb\u00e9m.<\/p>\n","protected":false},"excerpt":{"rendered":"<p>O Bife de Chorizo \u00e9 retirado da parte central do contrafil\u00e9, sendo assim mais macio que o Ancho. Possui uma camada lateral de gordura, fato que remete \u00e0 Picanha, e uma medida idela de marmoreio, gordura entremeada na carne. Com um sabor inconfundivel e muito macio \u00e9 recomendado a grelha, por\u00e9m outras op\u00e7\u00f5es, como a [&hellip;]<\/p>\n","protected":false},"featured_media":2042,"comment_status":"open","ping_status":"closed","template":"","meta":[],"product_cat":[91],"product_tag":[],"yoast_head":"<!-- This site is optimized with the Yoast SEO plugin v18.4.1 - https:\/\/yoast.com\/wordpress\/plugins\/seo\/ -->\n<title>Chorizo Premium - Quality Steak<\/title>\n<meta name=\"robots\" content=\"index, follow, max-snippet:-1, max-image-preview:large, max-video-preview:-1\" \/>\n<link rel=\"canonical\" href=\"https:\/\/qualitysteak.com.br\/loja\/produto\/chorizo-premium\/\" \/>\n<meta property=\"og:locale\" content=\"pt_BR\" \/>\n<meta property=\"og:type\" content=\"article\" \/>\n<meta property=\"og:title\" content=\"Chorizo Premium - Quality Steak\" \/>\n<meta property=\"og:description\" content=\"O Bife de Chorizo \u00e9 retirado da parte central do contrafil\u00e9, sendo assim mais macio que o Ancho. Possui uma camada lateral de gordura, fato que remete \u00e0 Picanha, e uma medida idela de marmoreio, gordura entremeada na carne. Com um sabor inconfundivel e muito macio \u00e9 recomendado a grelha, por\u00e9m outras op\u00e7\u00f5es, como a [&hellip;]\" \/>\n<meta property=\"og:url\" content=\"https:\/\/qualitysteak.com.br\/loja\/produto\/chorizo-premium\/\" \/>\n<meta property=\"og:site_name\" content=\"Quality Steak\" \/>\n<meta property=\"article:modified_time\" content=\"2022-04-11T19:22:05+00:00\" \/>\n<meta property=\"og:image\" content=\"https:\/\/qualitysteak.com.br\/loja\/wp-content\/uploads\/2021\/07\/chorizo.png\" \/>\n\t<meta property=\"og:image:width\" content=\"1000\" \/>\n\t<meta property=\"og:image:height\" content=\"1000\" \/>\n\t<meta property=\"og:image:type\" content=\"image\/png\" \/>\n<meta name=\"twitter:card\" content=\"summary_large_image\" \/>\n<script type=\"application\/ld+json\" class=\"yoast-schema-graph\">{\"@context\":\"https:\/\/schema.org\",\"@graph\":[{\"@type\":\"WebSite\",\"@id\":\"https:\/\/qualitysteak.com.br\/loja\/#website\",\"url\":\"https:\/\/qualitysteak.com.br\/loja\/\",\"name\":\"Quality Steak\",\"description\":\"Quality Steak - A carne!\",\"potentialAction\":[{\"@type\":\"SearchAction\",\"target\":{\"@type\":\"EntryPoint\",\"urlTemplate\":\"https:\/\/qualitysteak.com.br\/loja\/?s={search_term_string}\"},\"query-input\":\"required name=search_term_string\"}],\"inLanguage\":\"pt-BR\"},{\"@type\":\"ImageObject\",\"@id\":\"https:\/\/qualitysteak.com.br\/loja\/produto\/chorizo-premium\/#primaryimage\",\"inLanguage\":\"pt-BR\",\"url\":\"https:\/\/qualitysteak.com.br\/loja\/wp-content\/uploads\/2021\/07\/chorizo.png\",\"contentUrl\":\"https:\/\/qualitysteak.com.br\/loja\/wp-content\/uploads\/2021\/07\/chorizo.png\",\"width\":1000,\"height\":1000},{\"@type\":\"WebPage\",\"@id\":\"https:\/\/qualitysteak.com.br\/loja\/produto\/chorizo-premium\/#webpage\",\"url\":\"https:\/\/qualitysteak.com.br\/loja\/produto\/chorizo-premium\/\",\"name\":\"Chorizo Premium - Quality Steak\",\"isPartOf\":{\"@id\":\"https:\/\/qualitysteak.com.br\/loja\/#website\"},\"primaryImageOfPage\":{\"@id\":\"https:\/\/qualitysteak.com.br\/loja\/produto\/chorizo-premium\/#primaryimage\"},\"datePublished\":\"2021-07-12T11:47:33+00:00\",\"dateModified\":\"2022-04-11T19:22:05+00:00\",\"breadcrumb\":{\"@id\":\"https:\/\/qualitysteak.com.br\/loja\/produto\/chorizo-premium\/#breadcrumb\"},\"inLanguage\":\"pt-BR\",\"potentialAction\":[{\"@type\":\"ReadAction\",\"target\":[\"https:\/\/qualitysteak.com.br\/loja\/produto\/chorizo-premium\/\"]}]},{\"@type\":\"BreadcrumbList\",\"@id\":\"https:\/\/qualitysteak.com.br\/loja\/produto\/chorizo-premium\/#breadcrumb\",\"itemListElement\":[{\"@type\":\"ListItem\",\"position\":1,\"name\":\"In\u00edcio\",\"item\":\"https:\/\/qualitysteak.com.br\/loja\/\"},{\"@type\":\"ListItem\",\"position\":2,\"name\":\"Loja\",\"item\":\"https:\/\/qualitysteak.com.br\/loja\/?page_id=14\"},{\"@type\":\"ListItem\",\"position\":3,\"name\":\"Chorizo Premium\"}]}]}<\/script>\n<!-- \/ Yoast SEO plugin. -->","yoast_head_json":{"title":"Chorizo Premium - Quality Steak","robots":{"index":"index","follow":"follow","max-snippet":"max-snippet:-1","max-image-preview":"max-image-preview:large","max-video-preview":"max-video-preview:-1"},"canonical":"https:\/\/qualitysteak.com.br\/loja\/produto\/chorizo-premium\/","og_locale":"pt_BR","og_type":"article","og_title":"Chorizo Premium - Quality Steak","og_description":"O Bife de Chorizo \u00e9 retirado da parte central do contrafil\u00e9, sendo assim mais macio que o Ancho. Possui uma camada lateral de gordura, fato que remete \u00e0 Picanha, e uma medida idela de marmoreio, gordura entremeada na carne. Com um sabor inconfundivel e muito macio \u00e9 recomendado a grelha, por\u00e9m outras op\u00e7\u00f5es, como a [&hellip;]","og_url":"https:\/\/qualitysteak.com.br\/loja\/produto\/chorizo-premium\/","og_site_name":"Quality Steak","article_modified_time":"2022-04-11T19:22:05+00:00","og_image":[{"width":1000,"height":1000,"url":"https:\/\/qualitysteak.com.br\/loja\/wp-content\/uploads\/2021\/07\/chorizo.png","type":"image\/png"}],"twitter_card":"summary_large_image","schema":{"@context":"https:\/\/schema.org","@graph":[{"@type":"WebSite","@id":"https:\/\/qualitysteak.com.br\/loja\/#website","url":"https:\/\/qualitysteak.com.br\/loja\/","name":"Quality Steak","description":"Quality Steak - A carne!","potentialAction":[{"@type":"SearchAction","target":{"@type":"EntryPoint","urlTemplate":"https:\/\/qualitysteak.com.br\/loja\/?s={search_term_string}"},"query-input":"required name=search_term_string"}],"inLanguage":"pt-BR"},{"@type":"ImageObject","@id":"https:\/\/qualitysteak.com.br\/loja\/produto\/chorizo-premium\/#primaryimage","inLanguage":"pt-BR","url":"https:\/\/qualitysteak.com.br\/loja\/wp-content\/uploads\/2021\/07\/chorizo.png","contentUrl":"https:\/\/qualitysteak.com.br\/loja\/wp-content\/uploads\/2021\/07\/chorizo.png","width":1000,"height":1000},{"@type":"WebPage","@id":"https:\/\/qualitysteak.com.br\/loja\/produto\/chorizo-premium\/#webpage","url":"https:\/\/qualitysteak.com.br\/loja\/produto\/chorizo-premium\/","name":"Chorizo Premium - Quality Steak","isPartOf":{"@id":"https:\/\/qualitysteak.com.br\/loja\/#website"},"primaryImageOfPage":{"@id":"https:\/\/qualitysteak.com.br\/loja\/produto\/chorizo-premium\/#primaryimage"},"datePublished":"2021-07-12T11:47:33+00:00","dateModified":"2022-04-11T19:22:05+00:00","breadcrumb":{"@id":"https:\/\/qualitysteak.com.br\/loja\/produto\/chorizo-premium\/#breadcrumb"},"inLanguage":"pt-BR","potentialAction":[{"@type":"ReadAction","target":["https:\/\/qualitysteak.com.br\/loja\/produto\/chorizo-premium\/"]}]},{"@type":"BreadcrumbList","@id":"https:\/\/qualitysteak.com.br\/loja\/produto\/chorizo-premium\/#breadcrumb","itemListElement":[{"@type":"ListItem","position":1,"name":"In\u00edcio","item":"https:\/\/qualitysteak.com.br\/loja\/"},{"@type":"ListItem","position":2,"name":"Loja","item":"https:\/\/qualitysteak.com.br\/loja\/?page_id=14"},{"@type":"ListItem","position":3,"name":"Chorizo Premium"}]}]}},"_links":{"self":[{"href":"https:\/\/qualitysteak.com.br\/loja\/wp-json\/wp\/v2\/product\/2041"}],"collection":[{"href":"https:\/\/qualitysteak.com.br\/loja\/wp-json\/wp\/v2\/product"}],"about":[{"href":"https:\/\/qualitysteak.com.br\/loja\/wp-json\/wp\/v2\/types\/product"}],"replies":[{"embeddable":true,"href":"https:\/\/qualitysteak.com.br\/loja\/wp-json\/wp\/v2\/comments?post=2041"}],"wp:featuredmedia":[{"embeddable":true,"href":"https:\/\/qualitysteak.com.br\/loja\/wp-json\/wp\/v2\/media\/2042"}],"wp:attachment":[{"href":"https:\/\/qualitysteak.com.br\/loja\/wp-json\/wp\/v2\/media?parent=2041"}],"wp:term":[{"taxonomy":"product_cat","embeddable":true,"href":"https:\/\/qualitysteak.com.br\/loja\/wp-json\/wp\/v2\/product_cat?post=2041"},{"taxonomy":"product_tag","embeddable":true,"href":"https:\/\/qualitysteak.com.br\/loja\/wp-json\/wp\/v2\/product_tag?post=2041"}],"curies":[{"name":"wp","href":"https:\/\/api.w.org\/{rel}","templated":true}]}}